late the greatest common divisor of 25669 and 649125006.
3667
Calculate the highest common divisor of 1038 and 1204255422.
1038
What is the greatest common divisor of 827894844 and 807?
807
Calculate the highest common divisor of 5031 and 10697661.
117
Calculate the highest common factor of 360 and 11213160.
120
What is the highest common factor of 58557 and 25924638?
393
Calculate the highest common factor of 255455 and 512905.
95
Calculate the greatest common factor of 50544 and 1042704.
1872
Calculate the greatest common divisor of 1510310 and 722.
38
Calculate the greatest common factor of 125315 and 5584460.
1765
Calculate the highest common factor of 151 and 14507929.
151
Calculate the greatest common factor of 333648 and 24696.
504
What is the greatest common factor of 1113702 and 3544?
886
Calculate the greatest common factor of 6157 and 11283431.
47
Calculate the highest common factor of 118265122 and 452.
226
What is the highest common divisor of 89320 and 79156?
308
What is the highest common factor of 2954 and 311367847?
1477
What is the highest common factor of 7836 and 16936208?
2612
What is the greatest common divisor of 2146368 and 312?
24
What is the highest common divisor of 11590 and 9538?
38
What is the greatest common factor of 16177941 and 108?
27
Calculate the greatest common divisor of 25 and 207249.
1
Calculate the greatest common divisor of 77840 and 151820.
20
What is the greatest common factor of 26231621 and 611?
13
What is the greatest common factor of 1050993 and 10323?
279
What is the highest common divisor of 36048720 and 460?
20
What is the greatest common divisor of 404 and 44683612?
404
Calculate the highest common factor of 4525024 and 665.
7
Calculate the highest common divisor of 94411314 and 18.
18
Calculate the greatest common factor of 24 and 2044404.
12
What is the greatest common factor of 1336120420 and 20?
20
What is the greatest common divisor of 485792 and 275937?
893
Calculate the highest common factor of 15 and 759946455.
15
What is the greatest common divisor of 22441432 and 9880?
1976
Calculate the highest common factor of 568598 and 1517147.
2657
Calculate the greatest common divisor of 457211 and 167027.
107
What is the highest common divisor of 41042853 and 558?
279
What is the greatest common factor of 3321829 and 2?
1
What is the highest common factor of 4875745 and 5145?
1715
Calculate the greatest common divisor of 109660512 and 624.
624
Calculate the greatest common divisor of 915906 and 474.
6
Calculate the greatest common factor of 13809480 and 210.
30
What is the highest common factor of 2045966 and 39?
13
Calculate the highest common factor of 26057642 and 2336.
146
What is the greatest common divisor of 7371 and 5449899?
273
Calculate the greatest common factor of 4941 and 136449.
9
Calculate the greatest common divisor of 625325651 and 43.
43
Calculate the greatest common divisor of 38065 and 24864720.
1655
Calculate the highest common factor of 138025 and 925.
25
What is the greatest common factor of 15341 and 1722953?
529
What is the highest common factor of 235760 and 422800?
560
What is the highest common factor of 10726065 and 85?
85
What is the greatest common factor of 2684 and 1575020?
244
Calculate the greatest common divisor of 23125 and 164781350.
925
What is the greatest common factor of 30657056 and 1580?
316
What is the highest common factor of 6910 and 22498269?
691
What is the greatest common factor of 3087 and 10453611?
1029
Calculate the highest common divisor of 33 and 28933861.
11
What is the greatest common divisor of 594 and 2515887?
297
Calculate the highest common divisor of 1880 and 1375455.
235
What is the highest common divisor of 1338339289 and 7?
7
Calculate the greatest common divisor of 1083469968 and 774.
774
What is the highest common factor of 22752 and 66816?
288
Calculate the highest common divisor of 10700 and 949945.
5
What is the greatest common factor of 2132 and 1702948?
52
Calculate the highest common divisor of 77283 and 17856.
279
Calculate the highest common factor of 30 and 17166795.
15
Calculate the highest common divisor of 103577586 and 84.
42
Calculate the greatest common factor of 133768586 and 56.
14
What is the greatest common factor of 3360 and 1172265360?
1680
Calculate the highest common factor of 41368368 and 240.
48
What is the highest common factor of 113043 and 46697?
49
What is the highest common factor of 4939190 and 20?
10
What is the highest common divisor of 3508 and 9153249?
877
Calculate the highest common factor of 4924126 and 203369.
4327
What is the highest common factor of 208326170 and 260?
130
Calculate the highest common divisor of 1628442 and 108.
18
What is the highest common factor of 3337110 and 60?
30
Calculate the greatest common factor of 47870695 and 91275.
6085
Calculate the highest common factor of 576 and 491472.
144
Calculate the greatest common divisor of 200170 and 38850.
370
Calculate the greatest common factor of 47724 and 68773.
97
What is the greatest common divisor of 40 and 24789640?
40
What is the highest common factor of 669 and 222647437?
223
Calculate the highest common divisor of 62964204 and 11053.
1579
What is the highest common factor of 419225 and 67322?
41
Calculate the greatest common factor of 16235856 and 14160.
2832
What is the greatest common factor of 500126 and 27566?
3938
Calculate the greatest common factor of 2202858 and 522.
18
What is the highest common divisor of 569675262 and 678?
678
What is the greatest common divisor of 28899 and 90269?
19
What is the highest common divisor of 41184 and 115488?
288
Calculate the highest common divisor of 239679 and 25839.
891
Calculate the greatest common factor of 434 and 110783057.
217
What is the highest common factor of 2717 and 9560629?
247
Calculate the highest common divisor of 3660 and 5846484.
732
What is the highest common divisor of 5973804 and 45?
9
What is the highest common divisor of 1637897 and 23386132?
10847
Calculate the highest common factor of 864083 and 341.
11
What is the greatest common divisor of 522934645 and 3890?
1945
Calculate the greatest common factor of 55444697 and 3542.
1771
What is the highest common factor of 663 and 253317?
51
What is the greatest common divisor of 5507324 and 671?
61
Calculate the highest common factor of 47 and 109074733.
47
Calculate the highest common divisor of 6093936 and 9218.
838
Calculate the greatest common factor of 185550 and 1305.
15
Calculate the greatest common divisor of 74034 and 82539.
81
Calculate the highest common divisor of 8547 and 61383.
777
What is the highest common factor of 735244 and 109969?
397
What is the greatest common factor of 27984195 and 45?
45
Calculate the greatest common factor of 21820 and 449780024.
4364
What is the highest common factor of 4489 and 599?
1
What is the greatest common factor of 3835736 and 5992?
856
What is the greatest common divisor of 11630488 and 128?
8
Calculate the greatest common divisor of 333750 and 100712400.
13350
Calculate the highest common divisor of 1350 and 22786650.
1350
Calculate the greatest common divisor of 4554680 and 741.
247
What is the greatest common divisor of 56 and 586207048?
56
Calculate the greatest common factor of 81 and 3262683.
3
What is the highest common factor of 120120 and 615384?
1848
What is the greatest common divisor of 480 and 5908020?
60
Calculate the highest common divisor of 70799425 and 5325.
1775
Calculate the highest common divisor of 1024 and 6172928.
256
Calculate the greatest common factor of 5390 and 186347.
49
Calculate the highest common divisor of 366505 and 2070.
115
Calculate the highest common divisor of 2637 and 133992.
9
What is the greatest common factor of 6584 and 2461593?
823
Calculate the highest common divisor of 85 and 1970390.
5
What is the greatest common factor of 1565 and 2154405?
5
Calculate the greatest common factor of 81 and 120822948.
27
What is the greatest common factor of 2919936 and 6912?
768
What is the highest common factor of 18770235 and 6105?
165
What is the highest common divisor of 3195 and 45866355?
1065
Calculate the highest common factor of 44 and 5731869.
11
What is the highest common factor of 8364554 and 55?
11
Calcula